30?
2, 5, 193, 5351
List the prime factors of 1698843.
3, 367, 1543
What are the prime factors of 301697?
11, 27427
What are the prime factors of 19373?
19373
List the prime factors of 7445468.
2, 23, 80929
What are the prime factors of 27956227?
13, 577, 3727
What are the prime factors of 60156?
2, 3, 557
List the prime factors of 26154266.
2, 23, 31, 18341
List the prime factors of 124459.
124459
What are the prime factors of 1293558?
2, 3, 7, 19, 1621
What are the prime factors of 213560?
2, 5, 19, 281
List the prime factors of 24769.
17, 31, 47
What are the prime factors of 435173?
47, 197
What are the prime factors of 166581?
3, 83, 223
What are the prime factors of 4840204?
2, 1210051
What are the prime factors of 23345?
5, 7, 23, 29
List the prime factors of 3141354.
2, 3, 31, 16889
What are the prime factors of 2063760?
2, 3, 5, 8599
What are the prime factors of 474028?
2, 17, 6971
What are the prime factors of 662167?
11, 17, 3541
List the prime factors of 411468.
2, 3, 17, 2017
List the prime factors of 8482942.
2, 13, 431, 757
List the prime factors of 194001.
3, 64667
What are the prime factors of 9753602?
2, 1049, 4649
What are the prime factors of 51912?
2, 3, 7, 103
List the prime factors of 343960.
2, 5, 8599
List the prime factors of 5142345.
3, 5, 13, 26371
List the prime factors of 9551766.
2, 3, 7, 53, 613
List the prime factors of 572243.
7, 81749
List the prime factors of 18236122.
2, 31, 294131
List the prime factors of 3527730.
2, 3, 5, 19, 2063
List the prime factors of 6507386.
2, 19, 9013
List the prime factors of 343436.
2, 23, 3733
List the prime factors of 5507185.
5, 409, 2693
List the prime factors of 1957006.
2, 17, 57559
What are the prime factors of 714204?
2, 3, 17, 389
What are the prime factors of 254891?
7, 13, 2801
List the prime factors of 4355818.
2, 677, 3217
What are the prime factors of 6673952?
2, 73, 2857
List the prime factors of 2436630.
2, 3, 5, 7, 41, 283
What are the prime factors of 278821?
103, 2707
List the prime factors of 1075414.
2, 503, 1069
List the prime factors of 142952.
2, 107, 167
What are the prime factors of 473903?
43, 103, 107
What are the prime factors of 8069?
8069
List the prime factors of 272637.
3, 30293
List the prime factors of 8371195.
5, 7, 23, 10399
What are the prime factors of 7990615?
5, 101, 15823
What are the prime factors of 1237582?
2, 31, 19961
List the prime factors of 386642.
2, 97, 1993
List the prime factors of 296579.
296579
What are the prime factors of 427342?
2, 73, 2927
List the prime factors of 108524.
2, 13, 2087
What are the prime factors of 14620186?
2, 7, 1044299
List the prime factors of 620159.
620159
List the prime factors of 82341.
3, 7, 1307
List the prime factors of 3013204.
2, 463, 1627
List the prime factors of 10154218.
2, 1103, 4603
What are the prime factors of 319901?
319901
What are the prime factors of 371423?
13, 28571
What are the prime factors of 5292301?
7, 756043
List the prime factors of 9147653.
1787, 5119
List the prime factors of 18561.
3, 23, 269
List the prime factors of 99410.
2, 5, 9941
List the prime factors of 1682593.
11, 151, 1013
What are the prime factors of 1884665?
5, 376933
What are the prime factors of 3871401?
3, 1290467
What are the prime factors of 6571863?
3, 157, 4651
List the prime factors of 719389.
11, 17, 3847
What are the prime factors of 5243757?
3, 149, 11731
List the prime factors of 6723728.
2, 11, 23, 151
What are the prime factors of 10064773?
10064773
What are the prime factors of 3161956?
2, 7, 112927
List the prime factors of 340870.
2, 5, 89, 383
List the prime factors of 14525562.
2, 3, 41, 137, 431
What are the prime factors of 1209102?
2, 3, 201517
List the prime factors of 1842333.
3, 53, 11587
What are the prime factors of 3736188?
2, 3, 67, 1549
What are the prime factors of 1025727?
3, 181, 1889
List the prime factors of 842157.
3, 37, 281
What are the prime factors of 10019333?
79, 126827
List the prime factors of 1966141.
53, 37097
List the prime factors of 467482.
2, 41, 5701
List the prime factors of 1236676.
2, 7, 29, 1523
List the prime factors of 354946.
2, 177473
What are the prime factors of 2021472?
2, 3, 7019
What are the prime factors of 219506?
2, 7, 15679
What are the prime factors of 257100?
2, 3, 5, 857
List the prime factors of 203786.
2, 11, 59, 157
What are the prime factors of 197145?
3, 5, 13, 337
List the prime factors of 349791.
3, 13, 8969
What are the prime factors of 596117?
596117
List the prime factors of 13961113.
97, 163, 883
List the prime factors of 16000801.
23, 695687
What are the prime factors of 984751?
19, 51829
What are the prime factors of 1153922?
2, 7, 11, 59, 127
What are the prime factors of 5202645?
3, 5, 7, 49549
What are the prime factors of 3370702?
2, 73, 23087
List the prime factors of 12195.
3, 5, 271
What are the prime factors of 1584816?
2, 3, 137, 241
List the prime factors of 265208.
2, 33151
List the prime factors of 49124.
2, 12281
List the prime factors of 20146441.
7, 19, 151477
List the prime factors of 672657.
3, 19, 11801
What are the prime factors of 10355726?
2, 29, 61, 2927
List the prime factors of 72361.
269
List the prime factors of 4362742.
2, 19, 114809
What are the prime factors of 319515?
3, 5, 7, 17, 179
List the prime factors of 745280.
2, 5, 17, 137
What are the prime factors of 117759?
3, 17, 2309
List the prime factors of 89835.
3, 5, 53, 113
List the prime factors of 7833817.
97, 80761
What are the prime factors of 10853916?
2, 3, 509, 1777
List the prime factors of 1668362.
2, 834181
What are the prime factors of 115007?
19, 6053
What are the prime factors of 146655?
3, 5, 3259
List the prime factors of 3035369.
37, 82037
What are the prime factors of 2526995?
5, 505399
List the prime factors of 640224.
2, 3, 13, 19
What are the prime factors of 1889622?
2, 3, 7, 4999
What are the prime factors of 1707728?
2, 11, 31, 313
List the prime factors of 107200.
2, 5, 67
List the prime factors of 537882.
2, 3, 157, 571
What are the prime factors of 251724?
2, 3, 11, 1907
List the prime factors of 2581201.
7, 368743
List the prime factors of 6021852.
2, 3, 501821
What are the prime factors of 250846?
2, 125423
List the prime factors of 172255.
5, 47, 733
What are the prime factors of 5652750?
2, 3, 5, 7537
List the prime factors of 164658.
2, 3, 13, 2111
What are the prime factors of 7465787?
7, 152363
What are the prime factors of 2679813?
3, 297757
List the prime factors of 4652097.
3, 113, 13723
List the prime factors of 64120.
2, 5, 7, 229
What are the prime factors of 1049855?
5, 209971
What are the prime factors of 653532?
2, 3, 11, 4951
List the prime factors of 1401491.
7, 13, 15401
What are the prime factors of 91624?
2, 13, 881
What are the prime factors of 1119573?
3, 7, 13, 1367
List the prime factors of 8665230.
2, 3, 5, 7, 41263
List the prime factors of 12161312.
2, 380041
What are the prime factors of 1047662?
2, 7, 11, 6803
What are the prime factors of 6282815?
5, 7, 11, 16319
List the prime factors of 255424.
2, 13, 307
List the prime factors of 11041759.
1987, 5557
What are the prime factors of 574714?
2, 7, 41051
List the prime factors of 5458432.
2, 7, 1523
List the prime factors of 9719064.
2, 3, 23, 5869
What are the prime factors of 7914024?
2, 3, 23, 59
List the prime factors of 1859100.
2, 3, 5, 6197
What are the prime factors of 806000?
2, 5, 13, 31
What are the prime factors of 3953898?
2, 3, 13, 61, 277
List the prime factors of 5933763.
3, 11, 19979
What are the prime factors of 392751?
3, 17, 151
List the prime factors of 5788040.
2, 5, 144701
List the prime factors of 1287694.
2, 643847
What are the prime factors of 4367096?
2, 17, 163, 197
List the prime factors of 1497013.
7, 213859
What are the prime factors of 576806?
2, 288403
What are the prime factors of 2759291?
2759291
List the prime factors of 159181.
11, 29, 499
List the prime factors of 185583.
3, 61861
What are the prime factors of 287123?
41, 47, 149
What are the prime factors of 1118994?
2, 3, 29, 59, 109
What are the prime factors of 25055323?
61, 431, 953
List the prime factors of 483366.
2, 3, 13, 6197
What are the prime factors of 8305891?
11, 755081
What are the prime factors of 8086017?
3, 37, 97, 751
Wha